{"id":3055,"date":"2021-10-12T15:52:56","date_gmt":"2021-10-12T15:52:56","guid":{"rendered":"https:\/\/aeamc.edu.pt\/wp\/?page_id=3055"},"modified":"2025-10-14T13:40:37","modified_gmt":"2025-10-14T13:40:37","slug":"agrupamento-2","status":"publish","type":"page","link":"https:\/\/aeamc.edu.pt\/wp\/agrupamento-2\/","title":{"rendered":"Agrupamento"},"content":{"rendered":"\n<p><strong>Patrono<\/strong><br><br>O nome do arque\u00f3logo M\u00e1rio Cardoso surge associado ao Monte da \u00cdnsua, onde se localiza a sede do nosso Agrupamento de Escolas, quando, assumindo a presid\u00eancia da Sociedade Martins Sarmento em 1932, deu aqui continuidade a escava\u00e7\u00f5es j\u00e1 em curso de que resultaram a descoberta de sepulturas contendo fragmentos de vasos, interpreta\u00e7\u00e3o local do campaniforme e, por isso, pertencentes ao eneol\u00edtico pleno. Estes achados arqueol\u00f3gicos encontram-se, desde ent\u00e3o, expostos na Sociedade Martins Sarmento, em Guimar\u00e3es, marcas vis\u00edveis que permitem o conhecimento e divulga\u00e7\u00e3o das ra\u00edzes humanas desta regi\u00e3o.<\/p>\n\n\n\n<p>A import\u00e2ncia deste reconhecimento para a comunidade escolar levou a que o Agrupamento de Escolas de Ponte passasse a ter, a partir do ano letivo de 2006\/2007, a designa\u00e7\u00e3o de Agrupamento de Escolas Arque\u00f3logo M\u00e1rio Cardoso, obrigando a que diariamente seja nomeado o seu patrono (um dos peda\u00e7os de cer\u00e2mica \u00e9 o s\u00edmbolo do Agrupamento) e lembrado o espa\u00e7o onde a escola est\u00e1 implantada como um lugar carregado de significado e valor patrimonial.<\/p>\n\n\n\n<p><strong>Escolas do Agrupamento <\/strong><\/p>\n\n\n\n<ul class=\"wp-block-list\">\n<li>EB de Cerca do Pa\u00e7o <\/li>\n\n\n\n<li>EB de Corvite<\/li>\n\n\n\n<li>EB de Deserto <\/li>\n\n\n\n<li>EB de Ponte<\/li>\n\n\n\n<li>EB de Sande   <\/li>\n\n\n\n<li>EBS Arque\u00f3logo M\u00e1rio Cardoso  <\/li>\n<\/ul>\n\n\n\n<p><strong>Estrutura Org\u00e2nica<\/strong><\/p>\n\n\n\n<ul class=\"wp-block-list\">\n<li><a href=\"https:\/\/aeamc.edu.pt\/wp\/conselho-geral\/\">Conselho Geral<\/a><\/li>\n\n\n\n<li>Conselho Pedag\u00f3gico<\/li>\n\n\n\n<li><a href=\"https:\/\/aeamc.edu.pt\/wp\/direcao\/\">Dire\u00e7\u00e3o<\/a>  <\/li>\n\n\n\n<li>Conselho Administrativo   <\/li>\n<\/ul>\n\n\n\n<p><a rel=\"noreferrer noopener\" href=\"https:\/\/aeamc.edu.pt\/wp\/equipa-de-autoavaliacao-do-aeamc\/\" target=\"_blank\">Equipa de Autoavalia\u00e7\u00e3o <\/a><\/p>\n\n\n\n<p>EMAEI  <br><\/p>\n\n\n\n<p><a href=\"https:\/\/aeamc.edu.pt\/wp\/selos-e-reconhecimentos\/\" target=\"_blank\" rel=\"noreferrer noopener\" aria-label=\"Selos e reconhecimentos (abre num novo separador)\">Selos e reconhecimentos<\/a><br><br><a rel=\"noreferrer noopener\" aria-label=\"Contactos (abre num novo separador)\" href=\"https:\/\/aeamc.edu.pt\/wp\/contactos\/\" target=\"_blank\">Contactos<\/a> <\/p>\n","protected":false},"excerpt":{"rendered":"<p>Patrono O nome do arque\u00f3logo M\u00e1rio Cardoso surge associado ao Monte da \u00cdnsua, onde se localiza a sede do nosso Agrupamento de Escolas, quando, assumindo a presid\u00eancia da Sociedade Martins Sarmento em 1932, deu aqui continuidade a escava\u00e7\u00f5es j\u00e1 em curso de que resultaram a&hellip;<\/p>\n","protected":false},"author":1,"featured_media":0,"parent":0,"menu_order":0,"comment_status":"closed","ping_status":"closed","template":"","meta":{"footnotes":""},"class_list":["post-3055","page","type-page","status-publish","hentry"],"_links":{"self":[{"href":"https:\/\/aeamc.edu.pt\/wp\/wp-json\/wp\/v2\/pages\/3055","targetHints":{"allow":["GET"]}}],"collection":[{"href":"https:\/\/aeamc.edu.pt\/wp\/wp-json\/wp\/v2\/pages"}],"about":[{"href":"https:\/\/aeamc.edu.pt\/wp\/wp-json\/wp\/v2\/types\/page"}],"author":[{"embeddable":true,"href":"https:\/\/aeamc.edu.pt\/wp\/wp-json\/wp\/v2\/users\/1"}],"replies":[{"embeddable":true,"href":"https:\/\/aeamc.edu.pt\/wp\/wp-json\/wp\/v2\/comments?post=3055"}],"version-history":[{"count":15,"href":"https:\/\/aeamc.edu.pt\/wp\/wp-json\/wp\/v2\/pages\/3055\/revisions"}],"predecessor-version":[{"id":8821,"href":"https:\/\/aeamc.edu.pt\/wp\/wp-json\/wp\/v2\/pages\/3055\/revisions\/8821"}],"wp:attachment":[{"href":"https:\/\/aeamc.edu.pt\/wp\/wp-json\/wp\/v2\/media?parent=3055"}],"curies":[{"name":"wp","href":"https:\/\/api.w.org\/{rel}","templated":true}]}}

<p><strong>Patrono</strong><br><br>O nome do arqueólogo Mário Cardoso surge associado ao Monte da Ínsua, onde se localiza a sede do nosso Agrupamento de Escolas, quando, assumindo a presidência da Sociedade Martins Sarmento em 1932, deu aqui continuidade a escavações já em curso de que resultaram a descoberta de sepulturas contendo fragmentos de vasos, interpretação local do campaniforme e, por isso, pertencentes ao eneolítico pleno. Estes achados arqueológicos encontram-se, desde então, expostos na Sociedade Martins Sarmento, em Guimarães, marcas visíveis que permitem o conhecimento e divulgação das raízes humanas desta região.</p>



<p>A importância deste reconhecimento para a comunidade escolar levou a que o Agrupamento de Escolas de Ponte passasse a ter, a partir do ano letivo de 2006/2007, a designação de Agrupamento de Escolas Arqueólogo Mário Cardoso, obrigando a que diariamente seja nomeado o seu patrono (um dos pedaços de cerâmica é o símbolo do Agrupamento) e lembrado o espaço onde a escola está implantada como um lugar carregado de significado e valor patrimonial.</p>



<p><strong>Escolas do Agrupamento </strong></p>



<ul class="wp-block-list">
<li>EB de Cerca do Paço </li>



<li>EB de Corvite</li>



<li>EB de Deserto </li>



<li>EB de Ponte</li>



<li>EB de Sande   </li>



<li>EBS Arqueólogo Mário Cardoso  </li>
</ul>



<p><strong>Estrutura Orgânica</strong></p>



<ul class="wp-block-list">
<li><a href="https://aeamc.edu.pt/wp/conselho-geral/">Conselho Geral</a></li>



<li>Conselho Pedagógico</li>



<li><a href="https://aeamc.edu.pt/wp/direcao/">Direção</a>  </li>



<li>Conselho Administrativo   </li>
</ul>



<p><a rel="noreferrer noopener" href="https://aeamc.edu.pt/wp/equipa-de-autoavaliacao-do-aeamc/" target="_blank">Equipa de Autoavaliação </a></p>



<p>EMAEI  <br></p>



<p><a href="https://aeamc.edu.pt/wp/selos-e-reconhecimentos/" target="_blank" rel="noreferrer noopener" aria-label="Selos e reconhecimentos (abre num novo separador)">Selos e reconhecimentos</a><br><br><a rel="noreferrer noopener" aria-label="Contactos (abre num novo separador)" href="https://aeamc.edu.pt/wp/contactos/" target="_blank">Contactos</a> </p>

<p>Patrono O nome do arqueólogo Mário Cardoso surge associado ao Monte da Ínsua, onde se localiza a sede do nosso Agrupamento de Escolas, quando, assumindo a presidência da Sociedade Martins Sarmento em 1932, deu aqui continuidade a escavações já em curso de que resultaram a&hellip;</p>
